-106
Let v(s) = 3*s**2 + 26*s - 4. Give v(-9).
5
Let o(v) = 7*v + 189. Determine o(-27).
0
Let c(k) = -2*k**2 - 2*k - 1. Give c(-3).
-13
Let g(a) = -a**2 + 44*a - 231. Calculate g(38).
-3
Let j(n) = n**3 + 35*n**2 + 94*n - 66. Give j(-32).
-2
Let m(x) = -x**2 + 28*x + 56. Give m(-2).
-4
Let f(c) = 12*c**2 + 1. Calculate f(1).
13
Let s(l) = -l**2 + 13*l + 5. What is s(12)?
17
Let w(u) = -3*u - 16. What is w(21)?
-79
Let z(l) = -2*l**2 + 18*l + 41. What is z(11)?
-3
Let y(f) = -6*f - 26. Determine y(-5).
4
Let g(r) = -2*r**2 + 16*r - 23. What is g(7)?
-9
Let q(b) = -b**3 + 7*b**2 - 2*b + 31. Determine q(5).
71
Let u(v) = -25*v**2 + 1. Determine u(2).
-99
Let c(b) = -b**2 + 19*b - 18. What is c(12)?
66
Let g(z) = -z + 4. What is g(2)?
2
Let k(y) = 3*y**2 - 17*y + 2. Give k(8).
58
Let x(h) = -h**2 + 10*h - 6. Determine x(4).
18
Let i(t) = t**3 - 9*t**2 + 6*t - 7. Determine i(8).
-23
Let z(u) = 18*u**3 - 4*u + 5. Give z(1).
19
Let h(v) = -v**2 + 24*v - 22. Give h(16).
106
Let w(d) = d**2 + 12*d + 17. Give w(-15).
62
Let h(y) = -y**2 - 9*y + 8. What is h(-8)?
16
Let k(h) = h**3 - 14*h**2 - 14*h - 21. What is k(15)?
-6
Let p(h) = 3*h - 119. Calculate p(0).
-119
Let s(j) = -34*j**3 + 3*j**2 - 3*j. What is s(1)?
-34
Let w(l) = l**2 + 66*l + 406. What is w(-7)?
-7
Let y(m) = -7*m - 6. Calculate y(7).
-55
Let n(f) = -57*f - 17. Give n(-4).
211
Let v(p) = -2*p + 10. What is v(3)?
4
Let i(v) = -50*v**2 - 2*v + 1. Calculate i(1).
-51
Let p(o) = -o**3 + 7*o**2 - 2*o + 9. Give p(7).
-5
Let j(z) = 6*z + 55. Give j(-10).
-5
Let v(c) = -6*c + 12. Give v(0).
12
Let z(c) = c**2 + c - 64. What is z(-7)?
-22
Let k(c) = -2*c**3 + 29*c**2 + 17*c - 28. Calculate k(15).
2
Let t(a) = -21*a**3 - 2*a**2 + 1. Calculate t(-1).
20
Let x(d) = -9*d - 120. What is x(-16)?
24
Let m(x) = -x**3 + 7*x**2 - 6*x + 5. Calculate m(7).
-37
Let n(t) = 6*t**2 + 6*t + 4. Give n(-2).
16
Let a(v) = v**3 + 12*v**2 - 4*v + 13. Give a(-11).
178
Let s(d) = d**3 + 5*d**2 + 4*d + 4. What is s(-4)?
4
Let a(q) = -11*q. What is a(1)?
-11
Let g(z) = -z**2 + 37*z - 70. Calculate g(32).
90
Let r(u) = 11*u**2 - 2*u + 1. Calculate r(1).
10
Let h(a) = 6*a**2 - 3*a. Determine h(2).
18
Let g(n) = n**3 - 10*n**2 - 13*n + 20. Calculate g(11).
-2
Let b(d) = -8*d + 4. What is b(6)?
-44
Let b(n) = 6*n + 27. What is b(-5)?
-3
Let t(m) = -m + 11. Calculate t(15).
-4
Let f(j) = -4*j**3 + j**2 - 3*j - 5. Calculate f(-2).
37
Let a(m) = -2*m + 11. Determine a(11).
-11
Let x(a) = -79*a - 49. What is x(-1)?
30
Let p(f) = f**2 - 9*f. Give p(8).
-8
Let h(j) = j**2 + 3*j. Calculate h(-5).
10
Let j(m) = m**2 + 12*m + 8. Give j(-11).
-3
Let j(q) = -4*q**3 - 10*q**2 - 3*q - 6. Calculate j(-3).
21
Let x(o) = 7*o - 42. What is x(8)?
14
Let k(b) = 2*b. Calculate k(4).
8
Let s(f) = -3*f**2 - 26*f - 22. Calculate s(-10).
-62
Let a(q) = -5*q - 20. Determine a(-3).
-5
Let b(w) = w**3 + 13*w**2 - 14*w - 14. Determine b(-14).
-14
Let g(f) = f**3 + 23*f**2 - f + 1. Give g(-23).
24
Let z(i) = -2*i**2 - 10*i + 4. What is z(2)?
-24
Let r(c) = -c**2 - 5*c + 21. Determine r(-9).
-15
Let f(m) = -m - 5. Give f(-10).
5
Let i(w) = -2*w**2 + w - 7. Determine i(2).
-13
Let d(k) = -11*k + 1. Give d(-1).
12
Let r(g) = -g**3 + 5*g**2 + g - 29. Determine r(0).
-29
Let o(u) = u**3 + 10*u**2 + 7*u - 11. Calculate o(-9).
7
Let x(b) = b**3 + 17*b**2 + 29*b + 32. Determine x(-15).
47
Let o(t) = -t**3 + 10*t**2 + 2. Give o(10).
2
Let m(n) = -22*n + 3. Determine m(-2).
47
Let w(v) = -4*v + 53. Determine w(19).
-23
Let u(c) = -c**2 + 5*c - 5. Calculate u(1).
-1
Let s(i) = i**2 - 39*i + 138. Determine s(35).
-2
Let c(n) = 28*n - 4. Determine c(2).
52
Let r(v) = -v + 15. Determine r(19).
-4
Let t(x) = 3*x + 29. Determine t(-15).
-16
Let y(w) = -17*w + 79. Determine y(4).
11
Let r(x) = 18*x - 14. Calculate r(-3).
-68
Let n(c) = -c**3 - 10*c**2 - 3. Give n(-10).
-3
Let a(h) = -h - 4. Give a(0).
-4
Let a(w) = w**2 + 32*w - 12. What is a(-32)?
-12
Let n(b) = 16*b**2 - b. Give n(-1).
17
Let s(k) = -82*k + 649. What is s(8)?
-7
Let x(n) = 18*n - 10. Calculate x(2).
26
Let k(m) = -m**3 + 10*m**2 + 2*m - 20. Give k(10).
0
Let c(r) = r**2 + 4*r - 5. Determine c(-7).
16
Let m(k) = k + 6. Give m(-8).
-2
Let j(i) = -i**2 + 28*i - 179. Give j(10).
1
Let p(x) = -5*x + 112. What is p(32)?
-48
Let t(z) = -10*z - 13. What is t(1)?
-23
Let c(b) = 3*b - 18. Calculate c(7).
3
Let q(p) = -p**3 - 15*p**2 + 77*p + 11. What is q(-19)?
-8
Let x(n) = 13*n - 1085. Calculate x(83).
-6
Let n(z) = -2*z + 2. Determine n(-9).
20
Let d(u) = 7*u**3 - 2*u**2 + 9*u - 8. What is d(1)?
6
Let d(i) = -i**2 - 39*i - 250. Calculate d(-31).
-2
Let j(p) = p**3 - 5*p**2 - 4*p + 4. Calculate j(6).
16
Let r(o) = 3*o**2 + 5*o + 3. Calculate r(-3).
15
Let l(q) = q**3 - 7*q**2 - 15*q + 105. Give l(7).
0
Let d(q) = -q - 27. Determine d(-7).
-20
Let g(k) = 11*k. Determine g(-2).
-22
Let j(b) = b**3 + 10*b**2 + 14*b - 10. Calculate j(-8).
6
Let d(y) = -7*y + 15. Give d(2).
1
Let g(p) = -2*p**3 - 47*p**2 - 65*p + 16. What is g(-22)?
-6
Let z(k) = -13*k**2 - 50*k - 5. What is z(-4)?
-13
Let n(w) = -2*w**2 + 2*w + 1. Give n(-2).
-11
Let u(q) = 60*q**3 + 2*q**2 + 3*q + 2. Determine u(-1).
-59
Let t(l) = l**2 + 2*l - 2. Calculate t(2).
6
Let b(k) = 20*k + 1. Give b(-1).
-19
Let j(a) = 70*a + 25. What is j(-2)?
-115
Let m(s) = s. What is m(3)?
3
Let q(t) = 2*t**2 + 28*t + 16. Determine q(-13).
-10
Let x(g) = g**2 + g - 33. Calculate x(0).
-33
Let m(w) = -w**2 - 4*w + 9. Calculate m(-6).
-3
Let c(v) = 5*v + 68. What is c(-9)?
23
Let w(k) = -63*k**2 + 2*k + 2. Determine w(2).
-246
Let j(t) = t**2 - 7*t - 73. Calculate j(13).
5
Let k(y) = -y + 1. Give k(-2).
3
Let s(z) = z**2 + 12*z - 27. Give s(-17).
58
Let p(u) = 4*u**3 + 18*u**2 - 17*u - 39. Determine p(-5).
-4
Let r(f) = 4*f. What is r(1)?
4
Let f(j) = -j**2 + 12*j - 26. What is f(2)?
-6
Let h(c) = -112*c - 6. Determine h(0).
-6
Let c(w) = -w**2 - 6*w - 9. What is c(-8)?
-25
Let y(x) = 3*x - 7. What is y(7)?
14
Let d(x) = x**3 + 3*x**2 + 4*x. What is d(-2)?
-4
Let q(i) = i**3 - 5*i**2 + 5*i - 3. Determine q(3).
-6
Let d(z) = z**3 + 4*z**2 + z + 13. Determine d(-4).
9
Let i(k) = k**2 + 10*k + 2. Determine i(-8).
-14
Let x(y) = -y**2 - 18*y - 76. Determine x(-12).
-4
Let s(o) = 11*o + 3. Determine s(-2).
-19
Let q(x) = -40*x - 243. Give q(-6).
-3
Let g(j) = j**2 + j. Give g(4).
20
Let h(z) = -28*z - 3. Give h(-1).
25
Let l(y) = y**3 - 3*y**2 - 4*y - 8. Determine l(4).
-8
Let j(y) = -7*y + 32. Calculate j(5).
-3
Let y(l) = -l**2 - 4*l + 7. What is y(-7)?
-14
Let r(k) = k - 43. Give r(9).
-34
Let i(n) = -n**2 + 7*n + 3. Give i(6).
9
Let t(c) = c - 1. What is t(3)?
2
Let m(a) = 7*a - 117. Give m(16).
-5
Let k(u) = u**3 - 3*u**2 - 16. Calculate k(0).
-16
Let n(r) = -8*r**2 + 2*r - 9. Give n(5).
-199
Let l(r) = -6*r**2 + 3*r - 16. Determine l(3).
-61
Let c(t) = t**2 - 24*t + 136. Determine c(10).
-4
Let g(k) = 19*k**2 - 2*k + 1. Give g(1).
18
Let v(s) = -5*s**2 + 20*s - 28. Give v(6).
-88
Let r(n) = n**2 - 13*n - 11. Determine r(13).
-11
Let a(z) = z**2 - 8*z - 27. Give a(11).
6
Let c(b) = -b**3 + 3*b**2 + 2*b - 2. What is c(1)?
2
Let x(g) = -2*g**3 - 19*g**2 - 10*g - 4. Determine x(-9).
5
Let b(i) = -i**2 - i - 4. What is b(8)?
-76
Let j(x) = 3*x**3 + 3*x**2 - 2*x - 4. Determine j(-4).
-140
Let b(o) = -o**3 + 15*o**2 - 2*o + 28. Determine b(15).
-2
Let q(y) = 8*y + 1. Determine q(-11).
-87
Let r(n) = -7*n**2 - 98*n + 8. What is r(-14)?
8
Let t(j) = -j**2 + 9. Give t(0).
9
Let f(m) = -m**3 - 3. Give f(3).
-30
Let g(m) = 2*m**3 + 44*m**2 + 39*m - 40. Determine g(-21).
23
Let z(w) = -w**3 - 6*w**2 + w - 12. What is z(-5)?
-42
Let c(r) = 2*r**3 - 2*r**2 - 2*r + 3. Calculate c(1).
1
Let p(o) = o**3 - 5*o**2 + o - 10. Calculate p(5).
-5
Let l(p) = p**3 - 15*p**2 + 2*p - 26. What is l(15)?
4
Let z(h) = 2*h**2 + 4*h + 2. Calculate z(-3).
8
Let n(r) = r**2 - 8*r. Calculate n(7).
-7
Let z(q) = -q - 60. Give z(0).
-60
Let z(q) = q**2 + 19*q - 3. Give z(-19).
-3
Let t(c) = 3*c + 18. What is t(-18)?
-36
Let n(y) = 2*y**3 + 17*y**2 - 6*y + 14. Determine n(-9).
-13
Let p(h) = -h + 32. Determine p(39).
-7
Let s(j) = 6*j**3 + 3*j**2 - 3*j + 1. Calculate s(1).
7
Let d(c) = c**2 + 6*c + 1. Calculate d(7).
92
Let g(b) = b**3 + 7*b**2 - 9*b + 1. What is g(-8)?
9
Let g(f) = f**2 + 17*f + 7. 